- -11 - ((9 + -14 - 2) + 0)
19
(461 - 451) + -15 + 0
-5
What is the value of (12 - -1) + 205 + -206?
12
What is the value of (-1 + 0 - -8) + (-52 - -47)?
2
Evaluate (-1 - -14) + -17 + (0 + 0 - -23).
19
Calculate 5 + (1 - (-27 + 16 + 24)).
-7
(-67 - -35 - -70) + -27
11
What is 33 + (-17 - (-6 - 7) - -3)?
32
What is the value of 6 + (-10 + 2 - -18 - 3)?
13
Calculate 20 + 1 + 5 + -74 + 60.
12
14 - (13 + -6 + 8)
-1
Calculate (-3 + (-10 - -25) - 17) + (-5 - -1).
-9
(37 + -16 - -12) + -19
14
Calculate -7 + -1 - (8 + 7) - (0 + -7).
-16
Calculate 4 - 3 - 4 - (32 - 23).
-12
-32 - -23 - (-3 + 6)
-12
Calculate 14 + (-28 + -10 - -17).
-7
What is (-7 - 1) + 110 + -114 - (9 - 0)?
-21
-8 - (-10 - (-4 - (-3 + 3)))
-2
Evaluate (12 - (-20 - -39)) + 22.
15
Evaluate 0 - (8 + (-8 - 6)) - 11.
-5
What is -22 + (-14 - -20) - -21?
5
What is the value of -7 - 13 - -26 - -13?
19
Evaluate (-2 + 1 - (9 - 1 - 10)) + -23.
-22
-2 - (17 + -1 - (312 - 314))
-20
What is the value of -3 + (9 - 2) + 10 + -4?
10
Evaluate (-11 - -8) + -12 + 16.
1
Evaluate 5 - (10 + -3 - 13).
11
Calculate -3 + -6 + 3 - (-29 + 39 + -25).
9
What is the value of 8 + -1 - (-24 + 23 + -1)?
9
Evaluate 4 + 0 - (1 + 1 - (-40 + 31)).
-7
What is the value of (-34 - -49) + (5 - (8 + -15))?
27
9 + 1 + (33 - 20) + -11
12
(2 - -12) + 2 + 21 + -10
27
What is -59 + 53 - (1 + 7)?
-14
What is the value of 5 - -6 - 18 - 4?
-11
What is -12 - -64 - (85 - 49)?
16
What is (-1 - -2) + -12 + -30 + 43?
2
Calculate 2 - ((4 - 10 - (-3 + -1)) + -6).
10
What is the value of (10 + -17 - 17 - -11) + -3?
-16
What is 22 - 26 - 10 - 1?
-15
Calculate (7 - 0 - 4) + -6 - (-36 - -40).
-7
What is the value of (-7 + -6 + 3 - -1) + 0?
-9
Calculate (-41 - -29) + (-20 + 18 - (-14 + 2)).
-2
What is the value of -31 + 2 + 21 + 29?
21
What is the value of (-4 + 3 - (-14 + 6 - -6)) + -1?
0
What is the value of 1 + 5 + (2 - 5) + 3?
6
(-5 - (1 + -1)) + (1 - (2 - 0))
-6
Calculate (7 - 13) + 3 - (2 + -8).
3
4 + (-9 - -2) + 2 + 5
4
-33 - (11 + -7) - (43 - 57)
-23
Evaluate (1 - (7 - 4)) + (7 - 4 - -1).
2
Calculate 0 - -16 - (-12 + 64 - 42).
6
Evaluate -11 + 1 - (-11 - (-8 - -12)).
5
What is (-4 + 0 + 0 - -4) + (12 - 17)?
-5
Evaluate -13 + 27 + -53 + 21.
-18
26 - (27 - (8 + 15))
22
Evaluate 14 + -2 + 0 + 5 + -4 + 3.
16
What is 0 + 0 + -139 + 141 - 6?
-4
12 + 3 + -6 + -4 + 6 - 4
7
What is -34 + 17 - (12 + -3 + -14)?
-12
(-9 - (11 - -3)) + 33
10
What is 6 - 17 - (-16 + -6) - 5?
6
Calculate (-18 - 4 - 9) + 13 - (-3 - 0).
-15
Calculate -2 + 0 + 0 + 34 + -27.
5
What is the value of -4 + (-7 - -11 - -1) + 2?
3
-1 + 6 + -58 + (-9 - -89)
27
What is (2466 - 2457) + -1 + 11 + -1?
18
10 + (1 - 1 - -2 - 6) + 0
6
What is 2 + 0 - (-3 - -2)?
3
Evaluate -16 + (-76 - -78 - (-8 + 2 + -3)).
-5
What is the value of -7 - (5 + -25) - 17?
-4
Calculate 3 + 27 + (216 - 226).
20
(-1 + -5 - -8) + -3 - (2 + 0)
-3
What is 12 + -7 + (-14 - -4) + 32?
27
-5 + (1 - 4) - (1 + -20)
11
Evaluate -2 + -9 + -20 + 28.
-3
Calculate (-323 - -311) + 0 + -8.
-20
Evaluate 1 + -6 - (532 + -526).
-11
Calculate (10 - (22 - ((8 - 2) + -5))) + -1.
-12
3 + -16 + (-12 - (-33 + 5)) + -8
-5
What is -4 + -4 + 12 + -1 + 4?
7
8 + -4 + 4 + 2 - 1 - -1
10
What is the value of -6 + 0 - -10 - 10 - (-5 + 6)?
-7
16 - ((8 - (-1 - 36)) + -2)
-27
Evaluate -7 + 6 + 2 + -16 + (22 - 14).
-7
3 + 27 - (20 - 13) - -1
24
Evaluate -10 - (-11 + 6) - 4 - 11.
-20
Evaluate 1 + 9 + 6 + -16 - -26.
26
11 - ((104 - 99) + (-6 - -1))
11
Calculate (5 - 0) + -66 + 48.
-13
What is the value of (10 + -11 - -7) + -15 + 20?
11
What is the value of 3 + 17 + -24 - (-5 + 1)?
0
What is -10 - (-4 + -2) - (0 - (-3 - -10))?
3
What is (2 - ((8 - -3) + -23)) + -5?
9
-4 + 6 + 44 + -33
13
What is the value of (-6 - -16 - -27) + -74?
-37
What is the value of -1 + 1 - (115 + -104)?
-11
What is 7 + -5 + 6 + (-31 - -46)?
23
-1 + (-3 - -4 - -3) - -17
20
(3 - (22 + 11)) + 4 + -11
-37
What is -10 - (-37 + 5 + 9)?
13
What is -4 - (3 + 6 + -9 + 7) - -7?
-4
Evaluate (-22 - (-23 + -21 + 31)) + 1 + 0.
-8
Calculate 2 + 6 - (-876 - -901).
-17
What is the value of -8 + (-14 - -18 - -9)?
5
What is -6 + 4 + 17 + -1 + -5?
9
What is 3 + (-7 - 3) - -6?
-1
Evaluate (-6 + -1 - (177 - 189)) + (3 - 0).
8
Calculate (5 - (4 - (-5 + 6) - 0)) + -6.
-4
What is the value of -5 + 13 + (-2 - -1) + 2?
9
What is the value of (6 - 4 - -10) + (-34 - -15)?
-7
10 - (-19 - (10 - 27))
12
Calculate -7 + 2 + (2 - -2) + 58 + -60.
-3
Calculate 8 + -4 + (-9 - 0) + 15.
10
Evaluate (-4 - 0) + (17 - 4) + (-2 - -12).
19
Calculate 2 + (0 - -7) + 46 + -53.
2
What is the value of 31 - -8 - (284 - 228)?
-17
What is -1 - (23 - (-6 - -24) - (1 - -12))?
7
What is 11 - (0 + (9 - 4) + -1)?
7
Calculate -10 + 2 + -1 - (2 - 9).
-2
Calculate -5 + -13 - (-38 - 0).
20
4 - ((32 - 0) + -8) - -7
-13
What is the value of (-209 - -207) + 0 + 8 + -1 + 2?
7
Evaluate (10 - 15) + 26 + -7 + -6.
8
What is 4 + 0 + 4 - (-55 + 52)?
11
Evaluate -15 + -15 + 17 - -10.
-3
Calculate (2 - 4) + (8 - -4) + 3 + 1.
14
Evaluate 10 - -2 - (1 - -23 - 3).
-9
What is the value of 4 - -4 - (19 - (-16 + 15))?
-12
14 - (4 - (-21 + 42))
31
What is the value of -18 + (1 - (-4 - -3)) + -16?
-32
What is the value of (-15 - -15) + 3 - 10?
-7
What is 5 + 5 + 3 + -27?
-14
Evaluate 8 + -5 + (17 - (15 + 8)).
-3
Evaluate (33 - 27 - 0) + (-1 - 10).
-5
Evaluate 2 + (0 - -1) - (-1740 - -1756).
-13
52 - (20 + -10 + (11 - (21 - 11)))
41
Calculate -4 + -3 - (7 + (-17 - -7) + -6).
2
Calculate -14 + -38 - (15 + -39).
-28
What is (2 - 5) + (16 - 17) + -7?
-11
What is -6 + -3 + (10 - -6)?
7
Calculate 15 + -4 + -21 + 0.
-10
What is (-4 + 4 - (15 - 17)) + -25?
-23
(-16 + 31 - 16 - -5) + 22
26
What is the value of -2 - 4 - (14 - (16 - -7))?
3
2 - -17 - 50 - -25
-6
Calculate -2 + (2 + -2 + -1 - (54 - 50)).
-7
Evaluate 15 + (6 - (15 - -5)) + 9.
10
What is (-11 - (-19 + 9)) + 4 + -11?
-8
What is the value of -20 + (1 - -5) + -59 + 97?
24
Calculate 10 + -6 + -6 + -8 + 6 - 8.
-12
What is 10 + (21 - 11) + -13 + 5 + -7?
5
(-6 - (-8 - -13)) + 0 + 6
-5
What is -16 - ((-1 - 10) + (-5 - (-3 + -7)))?
-10
-39 - -33 - (6 - (3 + -8))
-17
What is -521 - -501 - (-28 + 2)?
6
What is -15 - (8 - 17) - (-4 - 0)?
-2
Evaluate 25 + (-21 + 19 - 12).
11
What is the value of -1 - 13 - (35 - 26 - (2 + 0))?
-21
Calculate -3 + (12 + -13 - (-14 - -4)) + -1.
5
Calculate -8 + 1 + 0 - (2 - -6).
-15
What is the value of 6 + -6 + 11 - (19 - 20)?
12
Evaluate 1 - -5 - (19 - (19 - 13)).
-7
Evaluate (5 + -15 - -5) + -28.
-33
6 - 0 - ((-4 - -8) + 13)
-11
What is the value of 28 - 20 - 18 - -31?
21
What is 3 + 1 - (-1 - 3 - 1 - 6)?
15
Calculate -2 + 21 + -9 + -5.
5
(10 - (17 + 14 + -26)) + -3 + 0
2
What is the value of 2 - (-2 - (-10 + 16)) - 1?
9
What is 3 - 3 - (-65 + 63) - 16?
-14
What is (-36 + 22 - -19) + 5?
10
Evaluate (-3 - 6) + (-5 - (-8 - 2)) - -12.
8
-5 + (1 - 4) + 11
3
Evaluate (-17 - 24 - 1) + 42.
0
What is the value of 161 + -168 + (-6 - 1)?
-14
27 + (51 - 58) + (-1 - 1)
18
What is -29 - (-29 - (12 - -8))?
20
10 - -6 - 10 - (-30 + 8)
28
What is the value of -11 + 10 + -5 + -7 - -7?
-6
-2 + -2 - (-5 + -4 + 23)
-18
What is the value of (-2 + (-1 - 4) - -11) + -1?
3
What is the value of 6 - (14 - (-5 + 21))?
8
What is the value of 7 - 10 - -13 - 11?
-1
What is 20 - (-37 + (-22 - -59))?
20
Calculate -7 - (-3 + (-12 - 0) + -3 + 10).
1
What is the value of 3 - (0 + 4) - (-121 + 132)?
-12
Evaluate (-9 - (-11 + -2)) + -5 + 6.
5
What is the value of -6 + (11 - (8 + -1 + -5 + 3))?
0
(381 - 366) + (0 - 18)
-3
25 - (17 + (-14 - -23))
-1
13 - (-12 + -22 + 17)
30
Evaluate 240 - 216 - (0 - -6).
18
What is the value of -15 - (-1 + -13 - -3)?
-4
What is 187 + -166 - (12 - 0)?
9
Calculate (-25 - -14) + (5 - 4 - -3).
-7
6 + (6 - (20 + -8)) + 10 + -5
5
Evaluate 29 - 3 - (4 + 28).
-6
What is the value of 5 - (18 + -8 - (0 - (5 + -4)))?
-6
Evaluate -2 + 4 + -2 + -2 + 4.
2
Calculate 8 - (5 + 2 + 8).
-7
(-1 - 17) + 13 + -6
-11
What is (32 - 47) + (0 - (2 - 4))?
-13
What is 6 - 0 - ((10 - 9) + 4 + -2)?
3
Evaluate (12 - (0 + 10)) + 3 + -23.
-18
-6 - (1 + -1 - (3 + -16 - -27))
8
What is (-3 - 1) + (-5 - (4 + -2))?
-11
Evaluate (5 - 42) + (-203 + 210 - (-2 + -1)).
-27
(22 + -35 - (-5 + -1)) + (1 - -4)
-2
(2 - (-4 - (18 + -27))) + 0 + -9
-12
What is -3 + -23 + 21 + -4?
-9
What is (3 - 3 - 3) + -1 + -4 + 25?
17
What is 50 